 = -4*b**2 + 7*b - 6. Let p be y(6). Let t = -53 - p. Suppose 4*k + 11 = t. Is 8 a factor of k?
False
Let o(q) = 31*q - 16. Is o(4) a multiple of 31?
False
Let m be (2 + -1)*((-16)/(-4) - -39). Let y(o) = o**2 - o - 1. Let g be y(3). Suppose -10 + 49 = f - 4*x, g*x + m = f. Does 13 divide f?
False
Let x = -34 - -106. Is x a multiple of 24?
True
Let t(x) = -x**2 + 9*x + 13. Let y be t(10). Is 2 a factor of y + 6*(-2)/(-4)?
True
Let f = 492 - 102. Suppose 5*x + 0*r - r - f = 0, -r = 0. Does 12 divide x?
False
Let q(w) be the first derivative of -w**4/4 + 3*w**3 - 4*w**2 + 10*w - 1. Let m be (-82)/(-10) + 10/(-50). Is q(m) a multiple of 5?
True
Let s be (-5 - -6)/(2/(-6)). Let f(k) = 4*k**2 + k - 2. Does 20 divide f(s)?
False
Let t(d) = -7*d + 37. Is t(-5) a multiple of 8?
True
Let f = -107 - -227. Suppose y = -2*y + f. Let h = -2 + y. Does 19 divide h?
True
Let a(m) = -m**3 + 16*m**2 - 15*m + 5. Let k be a(15). Suppose -k*u + 60 = -55. Is u a multiple of 20?
False
Does 3 divide 376/16 - (-1)/(-2)?
False
Let h = 2 - 3. Let n = -3 - -5. Is 8 a factor of (2*h)/n + 17?
True
Let g(c) = -4 + 6*c + c**3 - 13 + 0*c**3 + 3 - 10*c**2. Does 28 divide g(10)?
False
Let l = 61 - 41. Is 4 a factor of l?
True
Suppose -3*a + 3 = 5*m, -4*m = -m - a - 13. Suppose -n - 1 = -m. Suppose -y = -4*f - n - 0, 4*f - 52 = -2*y. Does 9 divide y?
True
Let s(k) = 3*k + 8. Let l = 15 + -7. Let o be s(l). Is o/6 - (-1)/(-3) a multiple of 2?
False
Suppose 5*k = 5*r - 60, 2*k + r = -k - 20. Let b = 10 + k. Suppose -4*x + 78 = -b*x. Is x a multiple of 13?
True
Let g(j) = -j**3 - 12*j**2 - 16*j - 17. Does 22 divide g(-12)?
False
Suppose -14 - 114 = 4*x. Is (x/(-5))/(11/55) a multiple of 16?
True
Suppose 0*y + 4*y = 2*u + 78, -3*y + 3*u + 57 = 0. Does 11 divide y?
False
Suppose -2*c + 52 = -c. Does 7 divide c?
False
Let y = 20 + -11. Is y a multiple of 4?
False
Let l(g) = -5*g - 49. Is l(-14) a multiple of 19?
False
Suppose -4*j = -4*r + 36, -4*r = 3*j - r - 3. Let t(p) = -p**3 - 4*p**2 - p. Let u be t(j). Let a(c) = 11*c + 2. Is 23 a factor of a(u)?
True
Let c be (-60)/(-3)*(-3 + 4). Suppose 0*w = -5*w + c. Is w a multiple of 2?
True
Let n = 12 + -5. Suppose -2*c + n + 41 = 0. Does 8 divide c?
True
Let r(q) = q**3 - 11*q**2 - 23*q. Is r(13) a multiple of 4?
False
Let p(c) = -c**3 + 17*c**2 - 14*c + 18. Does 10 divide p(16)?
True
Let q = -5 - -7. Suppose 2*d - q = d. Suppose 0 = d*i - 3*i + 7. Does 6 divide i?
False
Let n(m) = -11*m**2 + 20. Let l(w) = -7*w**2 + 13. Let y(d) = -8*l(d) + 5*n(d). Is y(4) a multiple of 7?
False
Let d be -1 + (4/(-4) - 13). Let t = 24 + d. Is 9 a factor of t?
True
Let k be (-11)/3 + 6/9. Let x(m) = 8*m + 19. Let f(n) = -2*n - 5. Let c(t) = -22*f(t) - 6*x(t). Is 8 a factor of c(k)?
True
Let j(c) = -c**3 - 18*c**2 - 21*c + 16. Is 23 a factor of j(-17)?
False
Let l be 0 + 2 - (-4)/(-2). Suppose v + 81 = o, l*v + v + 333 = 4*o. Is o a multiple of 13?
False
Let g = -13 - -14. Suppose r = -4 - 0. Is 9 a factor of (1 + g)/(r/(-30))?
False
Suppose -4*j + 24 = q, -2*j - 10 = -5*q - 0. Suppose 0 = -4*a + 20, -4*a + a = -j*x + 90. Is 21 a factor of x?
True
Let w = -18 - -12. Let k be (-3)/2*4/w. Is (-3 - -4)*k*23 a multiple of 16?
False
Let n(k) = -k**2 + 9*k + 7. Let q be n(7). Suppose 3*c - q = -9. Is 4 a factor of c?
True
Suppose -2*d + 19 = -21. Let y be -5 + 2 + 1 - 4. Is d/y*(-6)/4 a multiple of 3?
False
Let b = -86 + 190. Does 14 divide b?
False
Let j(i) = i**2 - 8*i + 7. Let w be j(6). Let m = w + 9. Suppose -8 = -m*a + 4*l, 3*a + 3*l = 25 - 7. Is a even?
True
Let w = 76 + -49. Does 16 divide w?
False
Let u be (-8 + -10)*(-6)/4. Suppose 2*a - 67 = -u. Is a a multiple of 15?
False
Suppose 0 = -3*o + 83 - 8. Suppose -3*j = -12, -q + 3 = j - o. Is q a multiple of 8?
True
Suppose -2*c - 3*l + 2*l + 21 = 0, -2*l = -5*c + 48. Is c a multiple of 4?
False
Suppose -3*i = -t + 28, -t + 60 = 3*t + i. Suppose d = -3*d - t, -2*x - 3*d = -112. Is x a multiple of 31?
True
Suppose -4*g = -41 - 7. Is 6 a factor of g?
True
Suppose 2*u + 6 = 42. Is 18 a factor of u?
True
Does 13 divide ((-208)/(10/(-5)))/(1 - 0)?
True
Suppose 0 = -3*p - 2*p + 15. Suppose 8 = p*k - 1. Suppose -5*m + 13 = 5*j - 72, -5*m = -k*j - 61. Is m a multiple of 7?
True
Let u = -42 + 6. Let y = -16 - u. Is y a multiple of 10?
True
Let b(x) = -x - 2. Let r be b(-4). Suppose 3*d + 6 = r*d. Is 64/6*d/(-4) a multiple of 8?
True
Let a(v) = 4*v. Let h(q) = q. Let o(m) = -a(m) + 6*h(m). Is o(3) a multiple of 4?
False
Let h(t) = -4*t**3 + t**2 - t - 1. Let b be h(-1). Suppose -b*l + 41 = -4*l. Does 25 divide l?
False
Suppose -3*g - 336 - 129 = 0. Let m = -98 - g. Is 19 a factor of m?
True
Let b be 2 + (0/2)/2. Suppose -180 = -b*q - 3*f, 2*q + 5*f - 272 = -q. Suppose -5*w + 101 = 4*z, q = 4*w + 5*z - z. Is w a multiple of 12?
False
Suppose -166 - 550 = -2*l. Is 11 a factor of l?
False
Suppose 0 = -2*t + 4*q + 168, -415 = -5*t - 3*q + 8*q. Is t a multiple of 37?
False
Let m(h) = -17*h - 5. Is m(-5) a multiple of 14?
False
Suppose -2*g + 4*g - 74 = 0. Is (g + -1)/((-4)/(-4)) a multiple of 18?
True
Let h(c) = 101*c + 5. Let b be h(3). Suppose -q - 6*q = -b. Is 11 a factor of q?
True
Let r be (-6)/4*(-32)/24. Suppose r*n = 53 + 79. Does 17 divide n?
False
Let o(h) = h**3 - 10*h**2 + 13*h - 4. Let n be (-4)/6 + 220/6. Suppose 0 = u + 3*u - n. Is 16 a factor of o(u)?
True
Suppose 2*y - 2 = 0, 5*u + 2*y - 16 = 6*y. Suppose 5*g + 3*t - 2*t - 83 = 0, 0 = 3*g - u*t - 36. Let c = g + -1. Is c a multiple of 15?
True
Let o = 84 + -16. Let z = 95 - o. Is z a multiple of 9?
True
Let o = 16 - -1. Does 7 divide o?
False
Let u(o) = o**2 + 5*o + 1. Let r be u(-5). Suppose -4 = 5*p + 5*w + 6, -p - 2*w = r. Let h(d) = -3*d**3 - 4*d**2 + 2*d + 2. Does 21 divide h(p)?
False
Suppose n = 7 - 37. Let k(q) = 3*q**2 + 4*q - 4. Let a be k(-5). Let p = n + a. Does 11 divide p?
False
Let h = 11 - 6. Suppose -2*o - 32 = -2*j, 2*o - h*j - 25 + 69 = 0. Let r = o - -22. Is r a multiple of 5?
True
Let y = 1 - -4. Is 4 a factor of 20*((-1)/y - -1)?
True
Let n = -18 - -4. Let u = n - -36. Does 6 divide u?
False
Suppose -3*a + 610 = 2*a. Suppose s - a = -4*h + 3*s, 157 = 5*h - 4*s. Does 15 divide h?
False
Let t(s) be the first derivative of 10*s**3/3 + 3*s**2/2 + s + 2. Let x be t(-2). Let w = x + -25. Does 9 divide w?
False
Suppose z + 5*c = 4 - 15, -4*c = -3*z + 43. Is 9 a factor of z?
True
Let o be 3690/(-4)*(-4)/(-3). Does 13 divide o/(-50) + (-4)/(-10)?
False
Suppose -5*y + 12 = -3. Does 21 divide y - -1*6*9?
False
Is (148/4)/((-2)/(-10)) a multiple of 13?
False
Is 11 a factor of 1*-2 + (-3 - (-246)/3)?
True
Let g = -3 + 277. Is 29 a factor of g?
False
Let d(x) = -x**2 + 14*x + 36. Is d(14) a multiple of 36?
True
Is (150/12)/((-1)/(-2)) a multiple of 15?
False
Let m = 106 - 29. Does 11 divide m?
True
Let l(o) be the third derivative of o**5/10 - 5*o**4/24 - o**3/3 - o**2. Let t(d) = -5*d**2 + 4*d + 3. Let y(v) = -4*l(v) - 5*t(v). Does 18 divide y(-6)?
False
Let x(m) = -m**2 - 6*m + 4. Let u be x(-7). Let b = u + 60. Does 15 divide b?
False
Suppose -5*g + 2*q = -23, 3*g - 38 = 3*q - 17. Suppose y - 3*y + 57 = -g*h, -5*y - 5*h + 130 = 0. Does 8 divide -3 + (y - (0 + 0))?
True
Let c(r) = -r**3 - r**2 + 2*r + 3. Let a(y) = -y**2 + 1. Let q be a(2). Is c(q) a multiple of 5?
True
Suppose -2*a + 4*n = 22 + 48, -5*n = 0. Suppose -2*i + 136 = -o - o, 4*i - 138 = 2*o. Let m = a - o. Is m a multiple of 9?
False
Suppose 2*m - 24 = 4. Is m a multiple of 14?
True
Suppose -u = -3*r + 6*r - 52, -4*r = 3*u - 176. Is 17 a factor of u?
False
Let i(c) be the first derivative of -9*c**2 + c - 1. Let h be i(-1). Suppose -h = -4*t + 117. Is 17 a factor of t?
True
Let t = -10 + 3. Let s = 0 - t. Does 5 divide s?
False
Let k(b) = b**3 - 10*b**2 + 3*b + 23. Is k(10) a multiple of 10?
False
Suppose n - 145 = -2*j, -3*j + n = -2*n - 213. Does 12 divide j?
True
Suppose -2*w + 14 + 154 = 0. Does 21 divide w?
True
Suppose 0*q = -4*q. Suppose -6*g + 2*g + 24 = q. Is g a multiple of 6?
True
Let q = 17 + -12. Suppose -q*t - 15 = -0*t. Does 4 divide 2 + (-2 - 0)*t?
True
Let t = 13 + -19. Is (-9)/6*16/t a multiple of 3?
False
Let x(q) = -q**3 + 10*q**2 - q - 12. Is 6 a factor of x(9)?
True
Is 148/6 - 22/33 a multiple of 15?
False
Let d(l) = 2*l + 44. Does 13 divide d(0)?
False